i. List the prime factors of 6/(-3) - (0 + (-904)/i).
2, 7
Let q(i) = 30*i + 9. Let t(z) = 5*z + 38. Let u be t(-7). What are the prime factors of q(u)?
3, 11
Let w(f) be the third derivative of f**6/120 + 11*f**5/60 - 2*f**4/3 - 8*f**3/3 + 19*f**2. Let b = -12 - 0. What are the prime factors of w(b)?
2
Let s be (3/(-6))/((-1)/(-2)). Let n(h) = -22*h - 222. Let m be n(-10). What are the prime factors of s - (m + 5*-12)?
61
Let k(d) be the first derivative of d**3/3 + 2*d**2 + 3*d - 7. Let s be k(-5). Suppose -s*m - 58 = -10*m. List the prime factors of m.
29
Suppose 16 = 4*g, 0 = h - 3*h - 2*g + 16. Let f(t) = 4*t - 14. Let j(o) = o - 1. Let n(s) = -f(s) + 5*j(s). What are the prime factors of n(h)?
13
List the prime factors of (-122)/3*10*(-45)/75.
2, 61
Let n = -31 + 36. Suppose 0*q + 4*y + 324 = 2*q, -2*q = n*y - 369. What are the prime factors of q?
2, 43
Let l = 460 - -789. List the prime factors of l.
1249
Suppose 5*z - 3*z - 764 = 0. Let i = z + -265. What are the prime factors of i?
3, 13
Suppose 0 = k + 5*i - 495, 0 = k - 2*i - 3*i - 495. List the prime factors of k.
3, 5, 11
Let v = 6 + -11. Let k = 2 + v. Let l(y) = y**2 + y - 4. What are the prime factors of l(k)?
2
Let d(w) = 4*w**2 + 3*w + 9. Let z be d(-4). Suppose z = -4*a + 265. What are the prime factors of a?
3, 17
Let t(p) = -p + 2. Let q be t(4). Let j be 1/(-2) - 455/q. Suppose -20 = 3*g - j. List the prime factors of g.
3, 23
Let p = -49 - -85. Suppose -178 = -2*h - p. List the prime factors of h.
71
Let l(k) = k**3 + 2*k**2 - 3*k - 2. Let m be l(-3). Let z be (m + 1)/((-2)/14). What are the prime factors of (0 - -1)/(z/315)?
3, 5
Suppose 123 - 131 = -2*o. Suppose 5*w + z - 1330 = -0*z, -815 = -3*w - o*z. List the prime factors of w.
5, 53
What are the prime factors of 4*6/3*4220/16?
2, 5, 211
Suppose 234*y - 8127 = 225*y. List the prime factors of y.
3, 7, 43
Let r(j) = -65*j - 3. Let n be r(-4). Suppose -2*o - 41 = -n. What are the prime factors of o?
2, 3
Let n(a) = 29*a - 44. Let x(f) = -15*f + 22. Let c(h) = 4*n(h) + 9*x(h). Let m be c(-6). Suppose 83 = 3*d - m. List the prime factors of d.
73
What are the prime factors of (-214)/1177 + 1/(-11)*-1223?
3, 37
Suppose -4*l + 6*r - r - 105 = 0, -4*l - 5*r - 135 = 0. List the prime factors of 7/(((-3)/l)/1).
2, 5, 7
Let o be 1646/(-12) + (-16)/(-96). Let d = -83 - o. What are the prime factors of d?
2, 3
Let m(r) = r**3 - 12*r**2 - 27*r - 26. List the prime factors of m(16).
2, 283
Let j be 3*1/(2 - 1). Let z(k) = 3*k - 2. Let v be z(2). Suppose -d = -g + v*d + 29, -12 = j*d. List the prime factors of g.
3
Let b = 83 + -17. Let w = 110 - b. List the prime factors of w.
2, 11
Suppose 6*g - 3291 + 183 = 0. Suppose 4*c - g = 3*p, 0 = -3*c - 0*p - p + 382. List the prime factors of c.
2
Let o(g) = -875*g - 374. List the prime factors of o(-3).
2251
Let w(n) = -3*n + 15. Let q be w(8). What are the prime factors of q/36 + (-466)/(-8)?
2, 29
Let l(y) = -y**3 + 4*y - 3. Let v be l(-3). Suppose -3*m + m + v = 0. List the prime factors of ((3 - -1) + m)*2.
2, 5
Let n(c) = -5*c**3 + c**2 + c + 2. Let t be n(3). Let a = -111 + t. What are the prime factors of -2 - (-9)/((-36)/a)?
2, 7
Let z = 425 + 321. What are the prime factors of z?
2, 373
Let s = 333 + 60. List the prime factors of s.
3, 131
Suppose -2*b = 2*b - 20. Suppose 7*t + 4 = b*t. What are the prime factors of t*(-3)/(-2) - -14?
11
Let q(z) = -10 + 8*z - 13 + 2*z + 4. List the prime factors of q(18).
7, 23
Suppose -2*h = h - s + 835, 0 = -4*h - 3*s - 1135. List the prime factors of 5/2*h/(-10).
2, 5, 7
Let b(y) = 2 + 0 - 3 + 2 + 2*y. Let u be b(-2). List the prime factors of (-2 - -24) + 1 + u.
2, 5
Let d = 49 + -46. List the prime factors of ((-10)/d - 0)/((-20)/330).
5, 11
List the prime factors of (-2534)/(-10) + (60/(-25) - -2).
11, 23
Let q = -126 - -210. Suppose -2*f = 10, -3*u - f + q = -4*f. List the prime factors of u.
23
Suppose -4*i + 7*i - 24 = 0. Let l = i - 8. Suppose -3*n + n + 30 = l. What are the prime factors of n?
3, 5
Suppose 2*n = -2*r - 14, 3*n - 49 = 5*r - 6. List the prime factors of (r/6)/(19/(-342)).
2, 3
Suppose -2*j = -3*o + o + 2720, -3*o = -4*j - 4082. Suppose -5*t + o = 9*t. What are the prime factors of t?
97
Suppose -4*p = -5*z + 2008, 2*z - 915 = p - 110. What are the prime factors of z?
2, 101
Let q be 4/10 + (-299)/(-65). Suppose -3*d + 2*w = -4, 0 = -4*d + q*w - 3 + 6. List the prime factors of d*2 + (-102)/(-6).
3, 7
Let n(b) = 10*b - 1 + 9*b**2 - 29*b**3 + 4 + 30*b**3. What are the prime factors of n(-6)?
3, 17
Suppose -3*j - 4*t = -6285, 76*t - 71*t = 2*j - 4190. List the prime factors of j.
5, 419
Let h(a) = -36*a - 1. Let q(i) = 37*i + 1. Let g(t) = -t**3 - 7*t**2 - 4*t + 6. Let b be g(-6). Let d(v) = b*q(v) - 5*h(v). What are the prime factors of d(-1)?
41
Let b = -9 + 3. Let v(i) = 7*i + 21. Let y(w) = -10*w - 31. Let g(q) = -7*v(q) - 5*y(q). List the prime factors of g(b).
2
Suppose 142*i - 2944 = 140*i. List the prime factors of i.
2, 23
Let h = 102 - -42. Suppose w = -w + h. List the prime factors of w.
2, 3
Suppose -7*m = -4*m. Suppose -f + 0*z + 72 = 5*z, m = 4*z + 8. List the prime factors of f.
2, 41
Let c(y) = -y**2 + 17*y + 20. Let n be c(23). Let m = n + 274. What are the prime factors of m?
2, 3, 13
Let u = 354 - 362. Let d(o) = -o**3 + 10*o**2 + 8*o + 3*o - 1 + 2*o**3. What are the prime factors of d(u)?
3, 13
Let t = 6 + -3. Suppose i - 35 = -4*i. Suppose 0 = t*s - 5 - i. List the prime factors of s.
2
Suppose 5*o - 183 = -x, -4*x - o + 507 = -x. Let i = x + -68. List the prime factors of i.
2, 5
Let y = 301 - 215. Let i = y + -50. What are the prime factors of i?
2, 3
Suppose 0*p = 5*c + p - 969, 0 = -p - 1. Suppose -5*j = g - c, 2*g - 137 - 303 = 3*j. What are the prime factors of g?
2, 107
Let y(t) = t**2 - 5*t + 9. Suppose -5*z + 15 - 1 = -4*i, 10 = -z + 4*i. What are the prime factors of y(z)?
3, 5
Suppose 3*t - q - 94 = 38, 0 = q + 3. Let r = -8 + t. Suppose 0 = -2*a + 6*a - 5*p - r, 0 = -a + 3*p + 7. What are the prime factors of a?
2, 5
Let h = 84 + -89. Let i(g) = 3*g - 2. Let k(a) = -3*a + 3. Let d(r) = 2*i(r) + 3*k(r). List the prime factors of d(h).
2, 5
Let f = 33 - 78. Let q = f + 65. List the prime factors of q.
2, 5
Suppose -8 = -2*w + 3*f, -w - 4*w + 2*f + 20 = 0. Suppose -y = 2*x - 7*x - 68, 347 = w*y + 5*x. List the prime factors of y.
83
Suppose 590899 = 89*l + 219057. What are the prime factors of l?
2, 2089
Let p(m) = m**3 - 5*m**2 + 16*m - 9. What are the prime factors of p(15)?
3, 827
Let h(t) = -t**3 - 24*t**2 - 31*t + 53. Let z be h(-23). Let j = z - 158. What are the prime factors of j?
79
Let w = -19 + 33. Let r = 48 + w. What are the prime factors of r?
2, 31
Let g = 29 - 27. Let f be -2 - (-2 + -30)/g. Suppose v = -d + 11, 2*d + f = -v + 3*v. What are the prime factors of v?
3
Suppose -4805 = -12*t + 3247. What are the prime factors of t?
11, 61
What are the prime factors of (-8)/14 - 94050/(-315)?
2, 149
Let w(q) = -1031*q - 17. List the prime factors of w(-1).
2, 3, 13
Let x(o) = 10*o**2 - 19*o + 160. List the prime factors of x(9).
17, 47
Let g = 1146 - 730. Suppose 3*t = -14 + g. What are the prime factors of t?
2, 67
What are the prime factors of 2*(-5 - 369/(-18))?
31
What are the prime factors of (756/(-10))/(120/(-8100))?
3, 7
Let b(x) = -x**3 - 9*x**2 - 7*x + 9. Let d be b(-8). What are the prime factors of (-528)/(-15) + d/(-5)?
5, 7
Let p = -10 - -15. Suppose -p*f = -4*f - 63. List the prime factors of f.
3, 7
Suppose 57*f + 40 = 59*f. List the prime factors of f.
2, 5
Suppose 4*y = -g + 298, 2*y - 4*y + 590 = 2*g. List the prime factors of g.
2, 3, 7
Suppose -5*n - 32 = -2. Let t(y) = y**3 + 6*y**2 - y - 4. Let f be t(n). Suppose -4*d = -0*a - f*a + 84, -4*d = a - 18. List the prime factors of a.
2, 17
Suppose -3*k + 312 = -354. Let a = 143 - k. Let d = -49 - a. List the prime factors of d.
2, 3, 5
Suppose d = 6*d + 5*p - 35, -d + 22 = 4*p. Suppose 0 = -3*r - 0*g - g + 603, 0 = -3*r - d*g + 600. List the prime factors of r.
2, 101
Let f(x) = -x**3 - 3*x**2 + x + 2. Let y be f(-3). Let h(s) = -16*s - 3. Let v(r) = 16*r + 4. Let k(o) = 3*h(o) + 2*v(o). What are the prime factors of k(y)?
3, 5
Let w = -17 - -131. Let h = w + -69. What are the prime factors of h?
3, 5
Let